rst derivative of -c**4/4 + c**3/3 + c**2/2 + 16*c - 2. List the prime factors of u(d).
2
Let j(z) = -z**3 + 4*z**2 + z - 3. Let l be j(4). Suppose 0 = -2*f + l - 21. What are the prime factors of (5 - 2)*f/(-3)?
2, 5
Suppose -3*f + 451 + 461 = 3*p, 3*f = 3*p + 900. What are the prime factors of f?
2, 151
Let f(u) be the first derivative of u**4/4 + 8*u**3/3 - u**2/2 - u + 2. List the prime factors of f(-8).
7
Let q = 53 + -29. What are the prime factors of q?
2, 3
Let y = -4 - 1. Let h(p) = -p**2 - 10*p + 6. Let v be h(y). Let s = v + -16. What are the prime factors of s?
3, 5
Let h(u) = -u**3 - 5*u**2 + 6*u + 8. Let v(z) = -z**2 + 3*z + 6. Let x be v(5). Let j = -10 - x. List the prime factors of h(j).
2
Suppose 0*j - 25 = j. Let g = 43 + j. List the prime factors of g.
2, 3
Let k(c) be the third derivative of c**5/60 + 7*c**4/12 + 4*c**3/3 - 3*c**2. Let j(w) = -w. Let x(b) = -5*j(b) - k(b). List the prime factors of x(-7).
2, 3
Let u = 128 - -82. What are the prime factors of u?
2, 3, 5, 7
Suppose 0 = t - 4*i - 7, 5*i = t + 4*i - 22. What are the prime factors of t?
3
Let s = -4 + 7. Let v(b) = 3*b**2 + s + 6*b - 2*b**2 + 0 - 2*b**2. What are the prime factors of v(5)?
2
Let q be 1/(-8) + (-23)/8. List the prime factors of 11/(4 + q + 0).
11
Let y(p) = -p**3 + p. Let k be y(0). Suppose k = 5*n - 2*n - 45. List the prime factors of n.
3, 5
Suppose 2*b - 23 = b. List the prime factors of b.
23
Let l be (2/3)/(9/297). Let d = l - 5. What are the prime factors of d?
17
Suppose -6*l + 2*l - 4*m = 0, -l - 3*m = -6. What are the prime factors of (-2 - l) + 20/2?
11
Suppose 5*v - 2*p = 20, v - 3*p + 1 - 5 = 0. Suppose x = -v*x + 275. What are the prime factors of x?
5, 11
Suppose 0*v = -v + 6. Let t be v/(-4)*(-32)/6. Let f = t - 0. What are the prime factors of f?
2
Suppose -2*a + 56 = -0*a. What are the prime factors of a?
2, 7
Let q(r) = -r**3 - 5*r**2 - 2*r + 2. Let i be q(-7). Suppose 0 = 3*w - i - 33. List the prime factors of w.
7
Suppose m - 55 = 22. List the prime factors of m.
7, 11
Suppose r = -4, 0 = 4*t + 3*r - r - 8. What are the prime factors of t + (-5 + -1)/3?
2
Let w(c) = c + 2. Let y be (-10)/2 - 9/3. Let q(x) = -x**3 - 7*x**2 + 8*x + 4. Let r be q(y). What are the prime factors of w(r)?
2, 3
Let x = 109 + -60. Let t = x - 17. List the prime factors of t.
2
Suppose 2*y + 4 = 2*r, 0 = 5*y - 6*r + 2*r + 8. Suppose h - 2 = -y*h. Suppose -11 = h*u - 37. List the prime factors of u.
13
Suppose 0*h + 1024 = 5*h - 3*a, -5*h + 1022 = -4*a. List the prime factors of h.
2, 103
Let z be 4/((-3)/((-6)/4)). Suppose 0 = -z*c - a + 61, -c = -2*a + 5*a - 28. Suppose -5*o = h - 59, 0 = 3*o + h - 4 - c. List the prime factors of o.
2, 3
Let m(b) = -11*b - 2 + 0*b**2 + 0*b**2 + 7 - b**2. What are the prime factors of m(-6)?
5, 7
Suppose 3*j = l - 12, -4*l - 4*j - 16 = -0*l. Suppose 0*p - 5*p - 35 = l. Let n(m) = -m**3 - 7*m**2 + 2. What are the prime factors of n(p)?
2
Let a(m) = -5*m**3 - m + 1. Let w be a(1). Let c = -21 - -13. Let t = w - c. What are the prime factors of t?
3
Let m = 22 + -19. Suppose -4*a - 8 = m*u - 112, 25 = a + u. List the prime factors of a.
29
Suppose -39 - 81 = -2*s. Suppose s = 4*a + a. Suppose 6*z = 4*z + a. What are the prime factors of z?
2, 3
Let y = -37 + 151. What are the prime factors of y?
2, 3, 19
Let s = 6 + -11. Let v = s + 3. Let b = 12 + v. List the prime factors of b.
2, 5
Suppose -6*q = -3*q - 600. Let f be q/35 - (-2)/7. Suppose f = 5*w - z - 5, 10 = 2*w + z. What are the prime factors of w?
3
List the prime factors of 9 - (-3 - (0 - 4)).
2
List the prime factors of (2*1)/(15/120).
2
Let l(u) = u**2 + 9*u + 10. Let o be l(-7). Let r = 9 + o. What are the prime factors of r?
5
Let n = 0 + -1. Let z be n/1 + -1*15. What are the prime factors of ((-5)/10)/(2/z)?
2
Let u(y) = -y + 6. Let c be u(8). What are the prime factors of 22*(-2 - (-5 - c))?
2, 11
Let y(m) = -m**3 + 8*m**2 + 5*m - 9. What are the prime factors of y(8)?
31
Let t = -5 + 12. Let p be (-2 + 0 + 1)*-4. Let n = t - p. What are the prime factors of n?
3
Let w = 58 + 196. What are the prime factors of w?
2, 127
Let o be 2/4 + 9/(-6). Let c = 6 - o. List the prime factors of c.
7
Let q = 16 + -10. List the prime factors of (3 - 0)/(q/20).
2, 5
Suppose q = -3*u + 97 + 12, 10 = -2*q. Suppose -p = -u + 8. What are the prime factors of p?
2, 3, 5
Let d be 2/4*(-1 + 47). Suppose 0 = -2*w + d + 1. List the prime factors of w.
2, 3
Let g(r) = r**2 - 10*r + 13. List the prime factors of g(9).
2
Let n be 48/9 + (-2)/6. Let a be 18/14 + 2/(-7). Let c = n - a. What are the prime factors of c?
2
Suppose -n + 3*p = -p - 20, -116 = -5*n + 4*p. What are the prime factors of n?
2, 3
Let p(x) = -15*x + 221. What are the prime factors of p(0)?
13, 17
Suppose 2*m - 173 + 57 = 0. List the prime factors of m.
2, 29
Let m be 18/(-9)*10/1. What are the prime factors of m*(1 + 6/(-4))?
2, 5
Let d(p) = 7*p**2 + 14*p + 11. List the prime factors of d(-7).
2
Suppose u = 5*o - 7, -o - u = -0*u + 1. Let n be o*(0 - 1)*-5. Suppose -44 = b - n*b. List the prime factors of b.
11
Suppose 4*p - 9*d + 4*d = 113, -2*d - 10 = 0. What are the prime factors of p?
2, 11
Let o be (1 + (-3)/9)*3. Suppose o*p = 5*c + 1, -11 = -5*p - 4*c + 8. Suppose p*a - 17 = 19. What are the prime factors of a?
2, 3
Suppose 0*l - w - 11 = -3*l, 0 = -3*w + 3. What are the prime factors of l?
2
Let r = 5 - 2. Suppose 7*s - r*s = -2*y + 2, 0 = 4*y - 3*s - 15. List the prime factors of y.
3
Suppose 0 = -0*d - 5*d - 5. Let s be (-1)/(d/32*2). Suppose 3*z = r + 9, 2*z + s - 5 = -5*r. List the prime factors of z.
2
Let f(z) = -z**3 - 3*z**2 + 3*z + 5. Let g be f(-4). Let r(p) be the first derivative of p**3/3 - 4*p**2 - p - 1. List the prime factors of r(g).
2
Suppose -41 - 7 = -2*r. List the prime factors of r.
2, 3
Let w(d) = -8*d - 30. List the prime factors of w(-7).
2, 13
Let q(x) = 3*x**2 + 12*x - 4. List the prime factors of q(-6).
2
Let s be (-10)/15*3/2. Suppose -5*k - 4*f + 3 = 0, 3*k + 2 = -4*f - 1. List the prime factors of s + -2 + k - -19.
19
Let z = 20 - -1. Let i = -13 + z. List the prime factors of i.
2
Suppose -315 = -4*p - 3*p. What are the prime factors of p?
3, 5
Let j be -4 + (2 - 15 - -2). Let l = 34 + j. What are the prime factors of l?
19
Let m(a) = a - 4. Let v be m(-5). Let d = 16 + v. What are the prime factors of d?
7
Let q(c) = 3*c + 1. Let g be q(6). Let u = -4 - -8. Suppose -u*y + h = 6*h - 16, 2*h = -3*y + g. List the prime factors of y.
3
Suppose 0 = 2*r + 5*k - 46, -5*r + 0*k = -k - 61. Suppose u - 1 = r. What are the prime factors of u?
2, 7
Let w(y) = -y**3 + 7*y**2 - 6*y + 6. Let z be w(6). Suppose 4*f - 2*f - z = 0. List the prime factors of (f/2)/(2/4).
3
Let g(n) = n**2 + 3*n - 6. Let w = -4 - -1. Let d = -9 - w. What are the prime factors of g(d)?
2, 3
Let y = -103 + 154. What are the prime factors of y?
3, 17
Let y be ((-2)/1)/(-1) - -4. Let c be 40/y*(-6)/(-4). Suppose -3*a - c = -5*a. What are the prime factors of a?
5
List the prime factors of 0 + 2 - (-377 + -3)/2.
2, 3
Suppose 0 = 5*t - 3 - 7. Let y(i) = -4*i + i + t*i**2 + i. List the prime factors of y(3).
2, 3
Suppose 0 + 3 = 3*k. Let f = k - 1. List the prime factors of 2/(-2) + 8 + f.
7
Suppose -l + 4 = -4. What are the prime factors of l?
2
Let t be (-8)/6*(-6)/4. Let g be 4*((-9)/6)/(-3). What are the prime factors of t*7 - g - -2?
2, 7
Suppose -4 = -u + 2. Let t = u - -1. What are the prime factors of t?
7
Let a = -57 - -104. List the prime factors of a.
47
Suppose 7*p + 20 = 5*a + 4*p, 3*p - 15 = 0. List the prime factors of a.
7
Suppose 4*k - 6 = -2, 0 = y + 3*k - 7. List the prime factors of (y/(-8))/((-1)/42).
3, 7
Suppose 3*d - 1312 = -5*i + 2*d, -5*d = -i + 252. List the prime factors of i.
2, 131
Let h = -37 + 99. List the prime factors of h.
2, 31
Suppose 6 = -5*a + 2*a, 5*a = 5*y + 40. What are the prime factors of 4/((-16)/y)*2?
5
Let l be (-2)/3*(-9)/6. Let y be 1*(1/1 + -6). What are the prime factors of (2/y)/(l/(-20))?
2
Suppose 0 = -2*b + 24 + 32. What are the prime factors of b?
2, 7
Suppose -4*i = -0*i - 292. List the prime factors of i.
73
Suppose y - 5*k = 4*y - 134, 2*y - k = 98. What are the prime factors of y?
2, 3
Suppose 16*n + 92 = 20*n. What are the prime factors of n?
23
L